e prime factors of r.
2, 367
Suppose 0 = -4*n + 5*n + 13. Let o = n + 256. Let q = -141 + o. What are the prime factors of q?
2, 3, 17
Let o = -402 - -639. Let m = o + 161. What are the prime factors of m?
2, 199
Let j(l) = -3*l**2 - 10*l + 2. Let y be j(-3). Suppose 3*b = -15, -4*b - 23 = y*g - 138. What are the prime factors of g?
3
Let s be 56/35 + 4/10. Suppose -5*q + y + 1538 = 0, q - s*y + 51 - 355 = 0. What are the prime factors of q?
2, 7, 11
Let h = -231 + 235. Suppose 13 = h*n - 3667. List the prime factors of n.
2, 5, 23
Let p be (-50)/4*4/(-5). Suppose 2*k - 2970 = -4*g, -k + 750 = g + 2*k. Suppose -2*l = -3*x + g, p*l = 9*l + 3. What are the prime factors of x?
3, 83
Suppose 828275 = -48*h + 42*h + 31*h. List the prime factors of h.
7, 4733
Suppose 5*n = 2*n - 3, -492 = 5*y + 2*n. List the prime factors of 1*94*y/(-28).
7, 47
Let v(d) = d**3 - 5*d**2 + 2*d - 4. Let s be v(4). Let m = s - -14. List the prime factors of 5 + (m - 6) - -5*27.
2, 17
What are the prime factors of (-370)/555*83934/(-4)?
3, 4663
Suppose 5*x = 100 - 75. Let s be 4 + -3 + 1 - (-9 + x). List the prime factors of (-176)/(-3) + (-4)/s.
2, 29
Suppose -3*k = -u + 21098, 3*u + 6*k - 3*k - 63294 = 0. What are the prime factors of u?
2, 7, 11, 137
Let o(x) be the third derivative of x**4/12 - 2*x**3/3 - 5*x**2. Let p be o(3). Suppose p*m - 4*t - 52 = t, 4*t = -4*m + 76. What are the prime factors of m?
3, 7
Let p(i) = 2*i**2 + 42*i + 80. Let d = 203 - 231. List the prime factors of p(d).
2, 59
Suppose -58*o + 19870 = -29488. What are the prime factors of o?
23, 37
Suppose -24*z = -34*z + 3130. Suppose 0 = -12*x + 4439 + z. List the prime factors of x.
2, 3, 11
Let i = -1501 + 3522. What are the prime factors of i?
43, 47
What are the prime factors of ((-259)/74)/((-2)/14084)?
7, 503
Let l be (-264)/(-6) - 3 - 0/(-2). Suppose -l*p + 51*p - 3120 = 0. What are the prime factors of p?
2, 3, 13
Let u(p) = -8672*p - 253. List the prime factors of u(-5).
3, 14369
Let s(v) = 27*v**3 - 89*v**2 + 109*v + 125. Let a(w) = -10*w**3 + 30*w**2 - 36*w - 42. Let z(c) = 8*a(c) + 3*s(c). What are the prime factors of z(27)?
2, 3, 7, 13
What are the prime factors of (7 - (-2747)/2)*(-36)/(-33)?
2, 3, 251
Let z = 173 + -156. Suppose z*x - 4861 = -424. What are the prime factors of x?
3, 29
Suppose 3*k - 3*c - 63376 = 50510, 3*k = c + 113902. What are the prime factors of k?
2, 5, 3797
Suppose -7*u = -1656 - 1648. What are the prime factors of u*((-5)/(-15))/((-2)/(-6))?
2, 59
Let o(q) = -5*q**2 + q**3 + q**3 + 20 - q**3 + 0*q**2. Suppose -5*i + l = -32, i + 3*l = 5*l + 10. List the prime factors of o(i).
2, 7
Let b(q) = q**3 + 32*q**2 + 108*q + 206. What are the prime factors of b(-24)?
2, 11, 101
Suppose -6*b - 19 = -301. Suppose 0 = -5*m - 93 - 62. Let f = b + m. What are the prime factors of f?
2
Let x(s) = -37 - 6*s - 37 - 20 + 30 + s**2. Let w(g) = -g**2 + 7*g + 65. Let l(n) = -2*w(n) - 3*x(n). List the prime factors of l(0).
2, 31
List the prime factors of ((-20800)/240)/((-4)/324).
2, 3, 5, 13
Suppose 214 = 4*l + o, -3*l - 72*o + 147 = -69*o. What are the prime factors of l?
5, 11
Let u(r) = 1399*r - 31 + 1399*r - 2800*r + 14*r**2. What are the prime factors of u(-7)?
3, 223
Suppose -16*u + 21*u + 25 = 0, -3*u = v - 6653. What are the prime factors of v?
2, 1667
Let t = 52 - 12. Suppose -805 = -3*f - t. Let j = 363 - f. List the prime factors of j.
2, 3
What are the prime factors of 191235/39 + 486/(-1053)?
4903
Suppose 8849 + 8259 = 10*s + 3*s. What are the prime factors of s?
2, 7, 47
Suppose 0 = -5*a - 187 - 68. Let y = 100 + 16. Let b = a + y. What are the prime factors of b?
5, 13
Suppose 17*x = 24*x. Suppose x*z = -z + 166. Suppose 89 = y + c - z, 3*c + 15 = 0. List the prime factors of y.
2, 5, 13
Suppose 0 = 3*k + 76 - 13. Let z = -49 - k. Let v = 124 - z. List the prime factors of v.
2, 19
Suppose 3*v - 54456 = -6*w, 22*w + v = 22*w. What are the prime factors of w?
2, 2269
Let u = -306 + 216. Let p = u + 97. Suppose -p*f - 1120 = -11*f. List the prime factors of f.
2, 5, 7
Suppose 11*l - 10468 = 10*l + 3*y, 3*y + 52412 = 5*l. List the prime factors of l.
2, 7, 107
Let t be 30/(-12)*(-392)/5. Suppose -c = -4 + 121. Let f = c + t. What are the prime factors of f?
79
Let f = 7691 - 4892. Suppose 163*o - f = 154*o. List the prime factors of o.
311
Suppose -8*s + 10*s = 534. Suppose a = s - 192. What are the prime factors of a?
3, 5
Let x = 1840 + 7854. Suppose 43*r - 24099 = -x. What are the prime factors of r?
5, 67
Let v = -51 - -101. Let k be (40/v)/((-1858)/1860 - -1). Suppose -456 - k = -12*r. What are the prime factors of r?
2, 5
Let z(f) = 177*f + 10. Let m be 0/(5 + 0) - 4. Let a be z(m). Let y = -482 - a. What are the prime factors of y?
2, 3
Suppose -25 = 5*q, 1057*c - 1059*c - 4*q = -5784. List the prime factors of c.
2, 1451
Let z = -199 - -692. Let s = z + -301. What are the prime factors of s?
2, 3
Let x(y) = -2*y**3 + 4*y**2 + 39*y + 153. Let r be x(-6). Let u(g) = 2*g - 1. Let b be u(4). Suppose b*v - r = 660. List the prime factors of v.
3, 5, 11
Suppose -6*d + 288 = -9*d. Let q = -36 + 210. Let p = d + q. List the prime factors of p.
2, 3, 13
Let u be (-5 + 4)*(2 - 6/3). Suppose -2*z + 1077 = 5*k, 5*k = -z - u*k + 546. Suppose -3*w - 54 + z = 0. List the prime factors of w.
3, 53
List the prime factors of (4 + -2906)/(-1)*(-1 + (-15)/(-6)).
3, 1451
Let m = 43 + 206. Suppose -3*u + 0*n = 5*n - m, 2*n = 5*u - 446. List the prime factors of u.
2, 11
Let w be ((-2)/4)/((-4)/(-152)). Let n(a) = 3*a**2 - 2*a**2 - 47*a + 1 - 64*a - 3*a**2 + 66*a. List the prime factors of n(w).
2, 67
Suppose -4*i = 2*y - 2, 5*y = 4*y + 3*i + 11. Suppose 536 = y*l - 3*l. Let f = 469 - l. List the prime factors of f.
3, 67
Let a = 120 + -113. Suppose -39 = 2*f - a. What are the prime factors of (-2 + (-136)/f)/(2/52)?
13
Suppose 2*i - 1185 = 57. Suppose 5349 - i = 6*g. List the prime factors of g.
2, 197
Let m(x) = 4*x**3 + 1. Let p be m(1). Let h(c) = -135 + 128 + p*c + 0*c. What are the prime factors of h(5)?
2, 3
Suppose 15*h - 93165 - 229909 = 243206. What are the prime factors of h?
2, 3, 11, 13
Let w = -86 - -88. Suppose 22 = w*i - 2*m, 24 = 4*i + 2*m - m. Suppose -n = -4*t + 481, i*t - 472 = 3*t + 4*n. List the prime factors of t.
11
Suppose -156 = 4*b - 184, -81089 = -4*f + 5*b. List the prime factors of f.
17, 1193
Let t(o) = 432*o - 2. Let x = -72 - -73. List the prime factors of t(x).
2, 5, 43
Suppose -4*k + 2 = -3*n, -2*n + 4 + 8 = 4*k. Suppose -y - 1928 = -4*i, i - n*y - 503 = -7*y. What are the prime factors of i?
3, 7, 23
Let q be 3/(-4)*72/(-27). Let p(j) = 29 - 17 + 2*j**2 - 11*j - 17 + j**q. What are the prime factors of p(-4)?
3, 29
Let w = 48 - 48. Suppose w = 9*l - 2244 - 177. List the prime factors of l.
269
Let z = 3100 + -1336. Suppose -5432 = -7*s + z. What are the prime factors of s?
2, 257
Suppose 0 = 71*n - 53*n + 1296. What are the prime factors of 3245/2 + n/144?
2, 811
Suppose 5*f - 84 = -3*v + 49, -77 = -2*v - f. What are the prime factors of 1017/2 + 54/v?
2, 3, 5, 17
Let t(y) = y**3 + 6*y**2 + 29*y - 22. List the prime factors of t(16).
2, 3037
Let f be ((-15)/4)/((-45)/120). Suppose -54 = -g + f*g. List the prime factors of (-309)/g*(-4 - 0)/(-2).
103
Let q = -105246 - -163695. What are the prime factors of q?
3, 19483
Let n(a) = 209*a - 141*a - 127*a + 345. List the prime factors of n(-19).
2, 733
Let i(d) = 172*d**2 + 21*d. List the prime factors of i(14).
2, 7, 347
Suppose -1 = -i + 4. Let x be 3/(i - 8) + -1*3. Let a = 22 + x. List the prime factors of a.
2, 3
Let a(d) = -2*d**2 - 13*d + 9. Let w be a(-7). Suppose -4*j + 3*j = -289. Suppose x - 6*x - w*t = -281, 5*x - j = 2*t. List the prime factors of x.
3, 19
Let i = 37149 - 25044. What are the prime factors of i?
3, 5, 269
Let l = 11306 - -2102. List the prime factors of l.
2, 419
Let d(o) = 26*o**2 - 5*o + 1. Let r be d(-4). Suppose 9*n - 238 = r. Let u = n - -150. What are the prime factors of u?
3, 5
Let y = -66 - -66. Suppose -3*x + 324 + 213 = y. What are the prime factors of x?
179
Let d = 72 + -70. Suppose 3*q + 12 = -d*s, 3*s + 8 = -2*s - 2*q. Suppose -660 = -0*g - 5*g - 5*f, s = -2*g + f + 273. List the prime factors of g.
3, 5
Suppose 22 = -3*h + 1. Let a be ((-8)/10 + h/35)